120 (base 5) to base 15.
-25a
What is -59 (base 13) in base 4?
-1022
348 (base 11) to base 13
25c
What is b69 (base 16) in base 4?
231221
182 (base 12) to base 16
f2
Convert 2020212022 (base 3) to base 4.
22311101
Convert 1553 (base 11) to base 4.
133022
What is 2012012202 (base 3) in base 8?
124236
What is 141643 (base 7) in base 16?
69c7
What is -10301 (base 4) in base 10?
-305
What is 1c (base 14) in base 9?
28
What is 2119 (base 11) in base 9?
3754
3209 (base 10) to base 11
2458
-20770 (base 8) to base 12
-5048
Convert -6a25 (base 14) to base 6.
-221241
7315 (base 8) to base 12
2239
4481 (base 11) to base 10
5897
bd35 (base 15) to base 4
21302210
-3237 (base 8) to base 5
-23240
Convert 3230002 (base 4) to base 8.
35402
Convert 1a502 (base 11) to base 13.
ccca
-44b (base 14) to base 9
-1145
Convert 4a3 (base 15) to base 11.
878
-1202212 (base 3) to base 16
-50c
Convert -14f (base 16) to base 15.
-175
Convert -21111233 (base 4) to base 11.
-26818
What is -1631 (base 11) in base 8?
-4053
Convert 355 (base 16) to base 11.
706
Convert -6c5 (base 14) to base 15.
-5ee
What is -3314 (base 9) in base 7?
-10060
-1921 (base 13) to base 5
-104440
Convert -824 (base 12) to base 4.
-102130
Convert -2ae (base 16) to base 4.
-22232
-4a5 (base 14) to base 15
-41e
1433041 (base 5) to base 13
10ab2
Convert 7d9 (base 14) to base 2.
11000011011
2322023 (base 4) to base 2
10111010001011
-217 (base 9) to base 14
-ca
What is -5b7 (base 13) in base 14?
-511
14158 (base 12) to base 11
19a28
Convert -339 (base 15) to base 3.
-1000000
Convert 210205 (base 6) to base 14.
624d
Convert -400233 (base 5) to base 13.
-594a
-366 (base 10) to base 6
-1410
What is 32431 (base 5) in base 10?
2241
Convert -105601 (base 8) to base 15.
-a8ad
-2777 (base 10) to base 16
-ad9
What is 2200 (base 6) in base 13?
2ca
-2653 (base 12) to base 16
-111f
Convert 20020 (base 5) to base 3.
1201200
Convert 113112 (base 4) to base 8.
2726
Convert -11200210 (base 4) to base 13.
-a369
141 (base 10) to base 15
96
What is 42 (base 7) in base 2?
11110
Convert c6ab (base 15) to base 9.
63558
What is 111011110110010 (base 2) in base 11?
21027
Convert -1221 (base 6) to base 7.
-610
What is -945 (base 14) in base 16?
-721
24300 (base 11) to base 5
2104334
What is 35444 (base 6) in base 8?
12024
What is -1e8 (base 15) in base 12?
-30b
What is -14858 (base 9) in base 16?
-27c2
5261 (base 7) to base 4
131000
Convert -4425 (base 7) to base 5.
-22322
Convert 3435 (base 12) to base 3.
21221212
Convert 14075 (base 11) to base 6.
232451
-507b (base 12) to base 9
-12875
Convert 3540 (base 6) to base 10.
852
112021 (base 3) to base 2
110000001
-3633 (base 10) to base 6
-24453
10402 (base 5) to base 14
39d
What is 22122220 (base 3) in base 12?
37a3
Convert -73177 (base 8) to base 7.
-154304
-110 (base 14) to base 3
-21210
31 (base 5) to base 14
12
What is -111311 (base 4) in base 11?
-1060
Convert 2113310 (base 4) to base 8.
22764
What is 7122 (base 8) in base 7?
13455
Convert 1662 (base 7) to base 11.
56a
What is 5501 (base 6) in base 16?
4ed
463 (base 12) to base 11
542
-357 (base 12) to base 6
-2151
Convert -10200110002 (base 3) to base 4.
-101230301
What is -566 (base 12) in base 7?
-2220
Convert -1483 (base 12) to base 16.
-963
Convert 220221 (base 3) to base 6.
3041
3243 (base 6) to base 2
1011101011
Convert -13e (base 15) to base 10.
-284
What is -16d (base 15) in base 2?
-101001000
Convert -24b (base 14) to base 12.
-323
1237 (base 13) to base 7
10345
What is -1d40c (base 14) in base 2?
-10010010010000100
-1663 (base 8) to base 3
-1022002
-135a1 (base 12) to base 13
-c247
2132 (base 7) to base 8
1366
Convert 2278 (base 9) to base 16.
69b
Convert 203101 (base 4) to base 14.
b73
10222202 (base 4) to base 11
1339a
Convert -1220 (base 9) to base 7.
-2436
What is -111211 (base 3) in base 10?
-373
What is 163 (base 14) in base 12?
1b7
-4a (base 13) to base 9
-68
1020100 (base 3) to base 5
12100
Convert -9b7 (base 16) to base 4.
-212313
Convert 41a (base 14) to base 10.
808
What is 11562 (base 9) in base 7?
31412
-39a43 (base 11) to base 3
-2220102000
-24130 (base 7) to base 10
-6244
Convert -13 (base 13) to base 5.
-31
Convert 114245 (base 9) to base 2.
10000110001111001
Convert 133331 (base 4) to base 11.
159a
bb9 (base 13) to base 10
2011
What is -3201020 (base 4) in base 9?
-21678
Convert -547 (base 14) to base 6.
-4455
Convert -d451 (base 15) to base 5.
-2413401
What is 933 (base 11) in base 15?
500
Convert -1112 (base 7) to base 4.
-12101
-270 (base 10) to base 7
-534
Convert -405 (base 15) to base 10.
-905
Convert -217 (base 9) to base 5.
-1203
What is 288 (base 14) in base 13?
305
What is 3123 (base 12) in base 5?
132410
-1167 (base 9) to base 12
-607
What is -79b (base 13) in base 15?
-5c6
Convert 20020211 (base 3) to base 12.
277a
Convert -10010001110 (base 2) to base 6.
-5222
What is 16fd (base 16) in base 13?
28a9
Convert -100110010100011 (base 2) to base 8.
-46243
110001111 (base 2) to base 11
333
-2643 (base 7) to base 12
-703
What is 206 (base 10) in base 7?
413
-6611 (base 10) to base 12
-39ab
-8214 (base 12) to base 4
-3130300
What is -22211 (base 5) in base 9?
-2118
-30366 (base 11) to base 16
-ad46
What is 3830 (base 15) in base 13?
55aa
What is 1012122102 (base 3) in base 7?
126245
What is -2937 (base 10) in base 9?
-4023
What is -12001323 (base 4) in base 7?
-132003
What is 20123030 (base 4) in base 12?
17b78
-517 (base 10) to base 5
-4032
What is -4311 (base 5) in base 3?
-210112
231120 (base 6) to base 5
1112304
What is -1021 (base 6) in base 9?
-274
Convert -1aa (base 13) to base 3.
-102110
-a4c (base 13) to base 4
-123122
What is 1175 (base 8) in base 2?
1001111101
-203321 (base 4) to base 16
-8f9
727 (base 8) to base 4
13113
What is 5 (base 14) in base 7?
5
What is 1221541 (base 6) in base 11?
45002
What is -44332 (base 5) in base 15?
-db2
Convert 50141 (base 6) to base 2.
1100110001101
3759 (base 14) to base 13
453b
What is 110000110 (base 2) in base 6?
1450
Convert -2220 (base 3) to base 9.
-86
What is 2020221 (base 4) in base 8?
21051
Convert 576 (base 13) to base 10.
942
16aa (base 12) to base 3
10201211
What is -5988 (base 11) in base 10?
-7840
Convert 111200 (base 4) to base 14.
704
Convert 12111200 (base 3) to base 14.
166a
Convert -4010 (base 5) to base 15.
-23a
What is b1f (base 16) in base 14?
1075
244 (base 13) to base 2
110001010
What is 120b4 (base 13) in base 2?
1000000101001110
Convert 691 (base 12) to base 16.
3cd
What is -101444 (base 8) in base 3?
-1201001102
Convert 12221023 (base 4) to base 15.
80e1
972 (base 11) to base 4
102100
What is 3453 (base 7) in base 5?
20023
Convert -3645 (base 9) to base 3.
-10201112
What is -12211121 (base 3) in base 8?
-10237
1101011001 (base 2) to base 8
1531
11101000 (base 2) to base 5
1412
2a020 (base 11) to base 5
2330424
-13134 (base 5) to base 16
-414
Convert 221 (base 8) to base 15.
9a
What is 1220412 (base 5) in base 8?
55300
What is 1010000111 (base 2) in base 11?
539
-1023 (base 8) to base 16
-213
-12884 (base 9) to base 4
-2020213
Convert -25a (base 15) to base 10.
-535
-439 (base 11) to base 12
-37a
What is 4780 (base 9) in base 15?
10c0
3a8 (base 16) to base 12
660
-82 (base 11) to base 6
-230
Convert 110 (base 13) to base 8.
266
Convert 41d4 (base 14) to base 9.
16520
What is 15249 (base 10) in base 15?
47b9
What is 112100022 (base 3) in base 16?
28d9
Convert 302230 (base 7) to base 2.
1100100000011010
What is 101000111110 (base 2) in base 16?
a3e
2153 (base 6) to base 8
765
-779 (base 12) to base 3
-1111210
What is 72 (base 16) in base 9?
136
Convert -1795 (base 12) to base 3.
-10220112
What is -2144 (base 8) in base 4?
-101210
Convert 1102100 (base 3) to base 7.
3006
122d (base 16) to base 10
4653
-22689 (base 10) to base 11
-16057
Convert 2bb3 (base 14) to base 3.
101200221
145235 (base 6) to base 4
3130313
What is -54762 (base 8) in base 13?
-a633
What is -1243 (base 7) in base 3?
-122111
Convert a75 (base 11) to base 10.
1292
Convert 3a7 (base 12) to base 5.
4214
What is -1545 (base 6) in base 15?
-1d5
Convert -233 (base 5) to base 6.
-152
4bf4 (base 16) to base 12
b304
269 (base 12) to base 3
111200
Convert -2221110 (base 3) to base 5.
-32040
56601 (base 9) to base 11
26332
What is -101101011 (base 2) in base 9?
-4